w) = 2*w**2 + 2*w - 1. Let t(f) = l*z(f) - 2*h(f). Give t(2).
9
Suppose -x - 3 = -0*x, -11 = 2*h + 5*x. Let u(o) = -o**2 - 2*o + 3. Give u(h).
-5
Let f = -69 - -72. Let d(g) be the second derivative of g**3/6 + g**2/2 - g. Give d(f).
4
Let s(z) = 3*z - 1. Let u be s(2). Suppose 3*j + 2*j - 40 = u*i, -3*j = -i - 26. Let l(x) = 2*x - 1 - j*x**3 + 4*x + 10*x**3 - 5*x**2. Determine l(4).
7
Let g(j) = j**3 - j**2 - j - 1. Let n(b) = b. Let u be n(-2). Give g(u).
-11
Let c(o) = o - 2. Suppose 0 = -5*r - 137 + 2. Let k be ((-2)/(-3))/(6/r). Determine c(k).
-5
Let z(c) = -2*c - 7 - c**3 + c - 4*c**2 + 4*c. Let u = 5 + -10. Calculate z(u).
3
Let w(z) be the second derivative of -z**4/4 - z**2/2 - 4*z. Determine w(2).
-13
Let r(j) be the third derivative of j**4/8 - 5*j**3/6 + 3*j**2. Calculate r(6).
13
Let c(u) be the third derivative of 0 - 1/24*u**4 + 2/3*u**3 - 2*u**2 - 1/60*u**5 + 0*u. Let j be c(0). Let l(z) = -z**3 + 4*z**2 + z - 2. Give l(j).
2
Suppose 0 = -4*h + 5*h. Let j(p) = 0 - 2 + h*p - 2 + p. What is j(3)?
-1
Let p(d) be the third derivative of -d**6/120 + d**5/15 - d**4/8 + d**3/2 - 2*d**2. Determine p(4).
-9
Let y(g) = g**3 + 4*g**2 + 4*g + 10. Let v be y(-4). Let l(p) = -p - 6. Determine l(v).
0
Let f(p) = p - 8. Let s be (-30)/(-4) - (-6)/12. Suppose s = -i + 5*y, 0 = -2*y + 5*y - 3. Let m = -3 - i. Give f(m).
-8
Let u be 2*(0 + 3 + -2). Let l = 7 - u. Let o(p) = -p**2 + 5*p - 5. Determine o(l).
-5
Let t(m) = -m**2 + 7*m - 3. Let c be 8/(-10)*15/(-2). Let x = c + 0. Give t(x).
3
Let r(s) = s**2 + 3*s + 1. Let h be (12/2)/(0 - -2). Let q be -5*(h + 0 + -2). What is r(q)?
11
Let h(q) = -q**2 + 2*q - 4. Let r = -1 - -4. Let a(i) = 2*i**2 - 4*i + 7. Let j(f) = r*a(f) + 5*h(f). What is j(1)?
0
Let z = -33 - -49. Suppose 1 = -4*o - 3*i + 5, o = 3*i + z. Suppose -n = 3*g - 8, 3*n - 29 = -o*g - 2*n. Let j(v) = -7*v**3 + 2*v**2 - 2*v + 1. Determine j(g).
-6
Let q(k) be the third derivative of -k**6/40 - k**5/60 + k**4/24 - k**3/6 + 12*k**2. Suppose -7*s = -5*s - 2. What is q(s)?
-4
Let v(h) = 2*h**2 - 1. Let k(f) = f**2 + f. Let s(b) = k(b) - v(b). Let j(l) = -l**2 - 5*l + 6. Let w(a) = j(a) - 2*s(a). Calculate w(5).
-6
Let c(n) = n + 1. Let x be c(3). Let p(u) = u**3 + 9*u**2 - 4*u + 6. Let s(q) = 3*q**3 + 20*q**2 - 8*q + 12. Let t(h) = -5*p(h) + 2*s(h). Give t(x).
-6
Let s be (-5 + 2)*(-10)/15. Let b(q) = 163*q**2 - 161*q**s + 6*q + 1 - 1. What is b(-4)?
8
Let y(z) = 2*z - 6. Let a(f) = f - 6. Let d be a(8). Suppose 3 = -d*i + u, 2*u = -2*i - u - 7. Let x(q) = -q**3 + 2*q + 1. Let n be x(i). Calculate y(n).
4
Let l(s) be the third derivative of -s**9/60480 + s**8/2880 - s**7/630 + s**6/720 - 7*s**5/60 - 3*s**2. Let n(f) be the third derivative of l(f). What is n(6)?
-11
Let b(s) = s**3 + 4*s**2 - s - 3. Let f = -5 - -6. Let c = f + -5. Determine b(c).
1
Let k(z) = z**3 - 5*z**2 + 3*z. Suppose -3*n = -n - 8. Let u be k(n). Let v(d) = -3 + d + 2*d**2 + 4*d + 0*d. What is v(u)?
9
Let g(v) be the second derivative of v**5/60 + 5*v**4/24 - v**3 - 5*v**2/2 - 3*v. Let n(f) be the first derivative of g(f). Give n(-5).
-6
Let d be (-6)/(-15) - 28/(-5). Let n(i) = 7*i - 6. Let l(c) = -6*c + 6. Let f(m) = -5*l(m) - 4*n(m). Calculate f(d).
6
Let i = -12 + 16. Let k(w) = i*w**2 - 22 + 21 - w - 3*w**2. Determine k(4).
11
Let z(o) = -5*o - 8. Let c(j) = -9*j - 15. Let l(n) = -4*c(n) + 7*z(n). Calculate l(-3).
1
Suppose 0 = 5*x - 2 + 7. Let t be (-5*(-3)/(-3))/x. Let d(r) = r**3 - 6*r**2 + 6*r - 3. What is d(t)?
2
Suppose -5*w = f + 31 - 0, w - 5*f = -1. Let s(x) = -13*x - 21. Let k(d) = 4*d + 7. Let y(z) = 7*k(z) + 2*s(z). Calculate y(w).
-5
Let t(b) = -3 + b + b**2 + 4 - 1. Let h(d) = d**3 - 5*d**2 - 6*d + 5. Let g(a) = -h(a) - 5*t(a). Give g(0).
-5
Let d(f) = 2*f - 13. Let i(b) = b - 1. Let c(x) = -d(x) + 3*i(x). Let o be c(-5). Suppose -o = -n - 0. Let r(s) = 2*s - 5. What is r(n)?
5
Let x(z) = 4*z - 1. Suppose -2*j + j + 5 = -s, 0 = 4*j + 2*s + 4. Determine x(j).
3
Let y(m) = m**2 + 3*m - 3. Let u be y(-3). Let i(g) be the second derivative of -g**3/2 + 2*g**2 + 25*g + 2. Give i(u).
13
Let x(f) = f**2 + 1. Let y(v) = -4*v**2 - 7*v. Let z(p) = 5*x(p) + y(p). What is z(5)?
-5
Let k(n) = -n**3 + 9*n**2 - 5. Let b be k(9). Let m be 1 - (-1 - b) - 1. Let z(f) = 3 + f**3 - 4*f**2 - f - 1 - 2*f**3. Calculate z(m).
6
Let l(r) = r + 1. Let v be l(-5). Let p be 3/((-18)/v)*-6. Let z(o) = -o**3 - 3*o**2 + 4*o - 5. Calculate z(p).
-5
Suppose m + 2*m - 15 = 0. Let n(y) = -5*y + 2 + y**3 + m*y + y**2. Calculate n(0).
2
Let c(z) = 9*z**2 + 2*z + 1. Suppose 2*s - 2*f + 20 = 6*s, -3*s = -2*f - 29. Suppose -5*w - s = -17. Suppose -3 = r - w. Give c(r).
8
Let c(d) = -3*d**2 - 2*d**3 + d**3 - 2*d**2. Let t be ((-1)/3)/(3/45). Calculate c(t).
0
Let b(z) be the third derivative of 0*z**5 + 2*z**2 + 0*z**3 + 1/24*z**4 + 0*z + 1/144*z**6 + 0. Let g(t) be the second derivative of b(t). Give g(1).
5
Let c(x) = -x**2 + 7*x. Let i be c(7). Let y(f) = f**3 - 2*f**2 - 2*f + 7*f**2 - 5 + i*f**3. Let s = 3 - 8. Give y(s).
5
Let d(b) = -7*b**2 - 10*b + 7. Let p(y) = -3*y**2 - 5*y + 3. Let c(t) = -2*d(t) + 5*p(t). Suppose -9 = -3*x - 0. Suppose 0 = -u - x - 2. Calculate c(u).
1
Let u(v) = -5*v**3 + 5*v + 5. Let d(a) = -a**3 + a**2 + 1. Let l(w) = 4*d(w) - u(w). Determine l(-5).
-1
Let q(w) = -3*w + 7*w**2 - 12*w**2 + 0*w**3 - w**3. Determine q(-4).
-4
Let n(h) = 1 - 2 + 2*h + 0. Let s be n(4). Let x = s + -3. Let u(j) = j**2 - 2*j - 5. What is u(x)?
3
Let a(v) = -v**2 + 5*v - 3. Let l be a(2). Let s be ((-2)/(-5))/((-1)/(-5)). Suppose -d = l*w + 5, 0 = -4*d - s*w - 2*w - 4. Let r(t) = 8*t + 1. Give r(d).
9
Let a(k) = 8*k**3 - k**2 + 2*k - 1. Suppose i - 3*j = -3, -3*i - 4*j = -0*j + 9. Let p = i + 4. Give a(p).
8
Let z(m) = -m**2 + m + 1. Let i(o) = o**3 - o**2 - 3*o - 2. Let f(h) = i(h) - 4*z(h). Let r be (-1 - -1) + (-40)/(-2). Suppose 6*q = q - r. Calculate f(q).
6
Let y(i) = i**2 + 7*i. Let f(j) = 3*j + 2. Let v be f(2). Suppose v*m + 34 = 3*m + c, 32 = -4*m - 4*c. Give y(m).
0
Let s(l) = -l + 3. Let c(t) = -t + 3. Let d(z) = -6*c(z) + 5*s(z). Suppose 0 = -9*x - x. Determine d(x).
-3
Let a(y) = -16*y**2 - 31*y + 4. Let l(j) = -3*j**2 - 6*j + 1. Let p(g) = 2*a(g) - 11*l(g). Let s = 12 - 17. Determine p(s).
2
Let l(z) = -z. Let q(u) = -u**2 - 6*u - 1. Let v be q(-6). Determine l(v).
1
Let d be ((-8)/6)/((-12)/54). Let h(m) = -m**2 - 2 - 2*m + d*m - 2*m. Calculate h(3).
-5
Let k(b) = 2*b**2 + 5*b + 3. Let w(u) = u**2 + 11*u - 15. Let i be w(-12). What is k(i)?
6
Let r(g) be the second derivative of -g**6/120 - g**5/15 + g**4/8 + g**3 - 3*g**2/2 - 3*g. Let l(q) be the first derivative of r(q). Determine l(-4).
-6
Suppose -3 = -2*y + 1. Let p(t) = -3*t + t**y + 7*t + 0*t**2 - 3. Give p(-3).
-6
Let u(t) = -t**2 - 5*t - 1. Let q = -49 + 71. Suppose 3*p - 5*z = 0, -5*p - 4*z = -3*p + q. Calculate u(p).
-1
Let v be (-21)/(-28)*4/6. Let b(j) be the second derivative of -v*j**3 - 3*j + 0 + 5/12*j**4 - 1/20*j**5 + 1/2*j**2. Determine b(2).
7
Let k = 5 + -2. Suppose -3*m = 2*m + z + 28, -2*m = k*z + 19. Let j(d) = -d**2 - 6*d + 1. What is j(m)?
6
Let m(f) = -2*f**2 + f**2 + 3*f**3 + f + 0*f**2 + f**3. Determine m(1).
4
Let k = -4 - 0. Let c(y) be the third derivative of -y**4/24 + 3*y**2. Determine c(k).
4
Let h(w) = w**2 - 52. Let t be h(7). Let p be (-120)/(-28) - 4/14. Let q(v) = -5*v + 4. Let i(n) = 6*n - 5. Let a(z) = p*q(z) + 3*i(z). What is a(t)?
7
Let k be 2*5/(-6)*-3. Let p(z) = -7*z + z + k*z + 10*z**2. Calculate p(-1).
11
Let p(i) = i**3 - 6*i**2 + 1. Let d be p(6). Let g be d/(0 + 2/(-2)). Let b(v) = 4*v + 1. What is b(g)?
-3
Let c(m) = -m - 2. Let b be 3 - -3*11/(-3). Let z = 7 + -2. Let x = b + z. Give c(x).
1
Let s be ((-16)/(-20))/(3/(-15)). Let j be (15/10)/(2/4). Let h(o) = 0*o - o + 4 - o - 5*o**2 - o**j. Give h(s).
-4
Let s be (2/4)/(13/78). Let z(r) = 3*r**2 + s*r**2 - 4 - 3*r - 2*r**2 - 3*r**2. What is z(3)?
-4
Let q(y) = y + 4. Suppose 2*w = 4*d - 6, 2*d = -3*w - 2 + 17. Calculate q(d).
7
Let x(a) be the first derivative of a**3/3 - 3*a**2 + 4*a + 13. Suppose -q - 8 = 5*i + 9, 0 = q - 3. Let n be ((-6)/i)/(3/8). What is x(n)?
-4
Let y(w) be the first derivative of -w**4/4 - 4*w**3/3 - 10. Calculate y(-4).
0
Suppose -4*s + 2 = -10. Let o(g) = -3*g - 17. Let l(u) = 4*u